14*r. What is the remainder when r is divided by 4?
0
Let o(d) = -d**3 - d + 193. Let g be o(0). Let m = g + -47. What is the remainder when m is divided by 51?
44
Let f(w) = 192*w + 2118. Calculate the remainder when f(14) is divided by 23.
22
Suppose -5*j + 19491 = 3*d, d = -11*j + 16*j - 19463. What is the remainder when j is divided by 1942?
10
Let h be 1 + -249 - (22 + -25). Let j be ((-1)/(-2))/(h/122 - -2). Calculate the remainder when (1 - j/3)*6 is divided by 44.
40
Let p(i) = i**2 - 4*i - 1. Let y = -10 + 13. Let z be p(y). Let v = 23 + z. Calculate the remainder when 35 is divided by v.
16
What is the remainder when 11013 is divided by 1 - (1 - 29) - (-2 - 18)/(-4)?
21
Suppose -4*r - 4*j = -5*r + 208, -3*r = 4*j - 640. Let u = -96829 + 96901. What is the remainder when r is divided by u?
68
Let b be -12*(-9)/(-108)*-4. Suppose -75 = -b*s + 3*s + 4*m, -4*s + 281 = 3*m. What is the remainder when s is divided by 8?
7
Let d(i) = 8*i**2 + 4*i - 2. What is the remainder when d(-4) is divided by (5704/(-341) - (-9 + -5))*-11?
20
Let c(s) = -2*s**2 - 32*s + 8. Calculate the remainder when 642 is divided by c(-15).
34
Suppose 2*o + 1219 = 3*d, 4*o + 1035 = 4*d - 589. Calculate the remainder when d is divided by 130.
17
Let b = 35 - 29. Suppose 5*g = -14 + 49. What is the remainder when (75/b)/((-3)/(-6)) is divided by g?
4
Let a = -12 - -20. Let s = 64 + a. What is the remainder when 285 is divided by s?
69
Let i = 1564 + -1508. Suppose -z + 146 = 5*q, -3*q + 2*z = 3*z - 88. What is the remainder when i is divided by q?
27
Suppose -68*z - 30 = -74*z. Let d(q) = -q**2 + 3*q + 10. Let b be d(7). Let p = b - -19. What is the remainder when z is divided by p?
0
Calculate the remainder when 430 is divided by (-22 + 16)*2/12 - -44.
0
Let u = 3107 + -906. Let s = 39821 - 39763. Calculate the remainder when u is divided by s.
55
Let t = 402 - 347. What is the remainder when t is divided by (-8*2 - -1)*30/(-30)?
10
Suppose -1027 = -151*r + 1238. Calculate the remainder when (159/6 - -3)*2 is divided by r.
14
Let h(c) = 6*c - 7. Calculate the remainder when -7 + (-3 - 13780/(-230)) + 2/23 is divided by h(5).
4
Let i(f) = f**3 - f**2 - 2. Let y be i(2). What is the remainder when (-8764)/(-56) - y/(8/(-2)) is divided by 32?
29
Let r(x) = -x**3 + 3*x**2 + 3*x + 5. Let d be r(3). Suppose y = d*y - 364. What is the remainder when 51 is divided by y?
23
Suppose r - 4*r - 15 = -y, 0 = -7*y - 5*r + 209. Calculate the remainder when 1077 is divided by y.
24
Suppose 14*v + 1965 = 17*v. Calculate the remainder when v is divided by 216.
7
Let v = 3021 + -2982. Calculate the remainder when 824 is divided by v.
5
Let m be (-2 + -1)*2/(-6). Let r be ((-100)/80)/(-1 - 3/(-4)). Suppose 4*k + r*v - 3 = 0, 3*v = 3*k - 5*k - m. Calculate the remainder when k is divided by 2.
1
Let p = 896 + -889. Suppose o + 107 = 3*i - 0*o, -3*i = -5*o - 127. What is the remainder when i is divided by p?
6
Calculate the remainder when 1708 is divided by 1440/1728 - (-6818)/12.
1
Suppose 153813 - 17929 = 14*i. What is the remainder when i is divided by 133?
130
Let i = 55 + -35. Calculate the remainder when ((-7)/((-14)/176))/((-6)/180*-60) is divided by i.
4
Suppose -4*x - 5*i + 765 + 1042 = 0, -i = 4*x - 1827. Calculate the remainder when 460 is divided by x.
2
Calculate the remainder when (-2)/(1/(-1))*(394317/22)/21 is divided by 95.
92
Let j be (-10)/(-20) + 195/2. Suppose 3*b - 226 = 2*x, -b = 4*x + x - j. What is the remainder when b is divided by 9?
6
Suppose -4*c = 5*g - 1059, -108*c = 5*g - 112*c - 1051. Let k = g + -177. What is the remainder when 98 is divided by k?
30
Suppose -5*w + 145 = 5*k, 2*w + 76 + 16 = 4*k. Suppose -3*x + k + 105 = 2*d, 0 = 5*x. Calculate the remainder when d is divided by 4.
1
Let l(v) = 18*v - 697. Suppose 180 = 3*b + 3*b. What is the remainder when b is divided by l(40)?
7
Let a = -32 + 23. Let p = 11 + a. Suppose -p*j = -5*j + n + 7, 11 = j + 4*n. What is the remainder when 11 is divided by j?
2
What is the remainder when 66 is divided by 15/(-10) + 5 + 350/20?
3
Let p = -622 - -627. Suppose 5*u + 197 = 3*q - 297, 0 = 5*q - u - 816. Calculate the remainder when q is divided by p.
3
Let y(o) = 3688*o**2 + 7328*o - 9. Suppose 0 = -3*i - 43 + 178. What is the remainder when y(-2) is divided by i?
42
Suppose -20*l + 17639 + 9433 = -33748. What is the remainder when l is divided by 203?
199
Suppose 4*t = -3*t + 539. Let p = 80 - t. Let o(a) = a**2 + a - 3. What is the remainder when 12 is divided by o(p)?
3
Let j = -6 + 110. Let y = -13321 - -13525. What is the remainder when y is divided by j?
100
Let w(k) = k**3 - k**2 + 2*k - 1. Let x(v) = 24*v**2 + 87*v - 48. Let j(o) = w(o) - x(o). What is the remainder when 108 is divided by j(28)?
13
Suppose -164 = 7*f - 472. Let k = -588 - -1027. What is the remainder when k is divided by f?
43
Suppose -2*c = 277 - 299. Calculate the remainder when 691 is divided by c.
9
Suppose 0*m = 2*m. Let d(z) = 4 + 4 + 108*z - 60*z - 54*z. What is the remainder when 39 is divided by d(m)?
7
Let w be (-191)/9 - (-38)/171. Calculate the remainder when 200 is divided by (w - -4)*(1 - 3).
30
Let g(h) = 78 + 2*h**2 + 2*h - 6*h + 2*h**2. What is the remainder when g(-9) is divided by 22?
20
Calculate the remainder when (-23 + -4)/((-680)/51 - -13) is divided by 2.
1
Suppose 621 = -4*s - 2*k + 2089, -2*s + 728 = 4*k. Suppose 5*w - w + s = 0. Let t = w - -131. What is the remainder when t is divided by 10?
9
Let a(s) = -3*s**3 - 30*s**2 + 34*s + 18. Calculate the remainder when ((-3)/(-3))/(1/11) is divided by a(-11).
4
Let h = 183 - 178. Let f = h - -25. What is the remainder when 39 is divided by f?
9
Let c(n) = -n**2 + 10*n - 3. Let x be c(-10). Let a = x + 521. What is the remainder when a is divided by 16?
14
What is the remainder when (-1)/11*4 - 115206/(-462) is divided by 90?
69
Suppose -6*q = -30, q + 512 = 4*p - 4971. Calculate the remainder when p is divided by 86.
82
Suppose 491*j - 2527337 = 1607374. Calculate the remainder when j is divided by 72.
69
Let z = 23007 - 22008. What is the remainder when z is divided by 17?
13
Suppose -898 - 5822 = -28*g. What is the remainder when g is divided by 81?
78
Let p = -2458 - -2745. What is the remainder when p is divided by 82?
41
Suppose 10*c - 5*c = m + 23791, 4 = m. What is the remainder when c is divided by 170?
169
Let h(d) = -2*d + 34. Let b be 14*(-3)/(2 - 8). Let a be h(b). Let o = a + 16. Calculate the remainder when 68 is divided by o.
32
Let q = 47 + -35. What is the remainder when (-69)/((-102)/(-12) + -10) is divided by q?
10
Suppose -3*x - 3586 = -2*w, 5*x - 8*x = w - 1766. Calculate the remainder when w is divided by 66.
2
Suppose 0 = q + 4 - 47. Suppose -q = -4*s - 7. Let p(y) = y**2 - 60*y + 922. Calculate the remainder when p(28) is divided by s.
8
Suppose -k + 31*q - 3 = 131, -3*q - 678 = -3*k. What is the remainder when k is divided by ((-4)/6)/((-4)/360)?
58
Calculate the remainder when 1438 is divided by (56/(-140))/(1/(-75)).
28
Let j(r) = -22*r + 143. Let n be j(16). What is the remainder when (-32 + 0)/(0 - 1) is divided by (-5)/((-55)/(-2)) + (-1919)/n?
5
What is the remainder when 516 is divided by 13 - (8 + -13 + -57)?
66
Let w(v) = -2*v**3 + 2*v**2 + 3*v - 4. Let z be w(2). What is the remainder when 304 is divided by 102/4*(10/z - -3)?
32
Calculate the remainder when (2656/(-64) + 43)/(2011/(-2012) + 1) is divided by 42.
36
Let t(d) = -2*d**3 + 1. What is the remainder when 848 is divided by t(-2)?
15
Let d(j) = 63*j - 372. Calculate the remainder when d(8) is divided by 34.
30
Suppose 5310*d - 5279*d - 5224 = 14151. What is the remainder when d is divided by 65?
40
Suppose -b = 4*j - 129, 19*j + 725 = 5*b + 23*j. Calculate the remainder when b is divided by ((-144)/2)/(3/(-2)).
5
What is the remainder when (-7)/1*442378/(-2611) is divided by 283?
54
Let s(q) = -38*q + 270. Let w = 1 - -1. Suppose 0 = w*i - 0*i - 4. Calculate the remainder when s(7) is divided by i.
0
Let j be 842/10 - 2/10. Suppose -y - j = -5*y. What is the remainder when 3*-7*(-1178)/399 is divided by y?
20
Let c(n) = 2*n**3 + 36*n**2 - n - 1. Suppose 21 = -3*a - 33. What is the remainder when 17 is divided by c(a)?
0
Suppose 34*i - 22*i - 204 = 0. Suppose 46 + i = 7*f.